-5*n = 5*r - 23 - 17. Let k(x) be the first derivative of 4 - 3/2*x**2 - r*x. Determine k(-4).
7
Let g(r) be the first derivative of r**3/3 - 1. Let w(f) be the second derivative of f**4/2 - 2*f**3/3 - 3*f**2/2 + f. Let m(h) = 5*g(h) - w(h). Calculate m(5).
-2
Let t(b) = -b**2 + 7*b - 2. Let j be 156/28 - (-6)/14. Give t(j).
4
Let s(k) = k. Let b(i) = -i**2 + 7*i + 11. Let n be b(8). Suppose -n*l - 4*o + 23 = 0, 4*l + l - 3*o = 19. Calculate s(l).
5
Let b = 11 + -13. Let i(v) = -v**3 + 2*v + 2. Give i(b).
6
Let b(j) = j**2 - 10*j + 8. Suppose 30*m - 26*m - 36 = 0. What is b(m)?
-1
Let s(j) be the third derivative of j**6/120 + j**5/15 - j**4/12 + j**3 + 4*j**2. Determine s(-5).
-9
Let b(u) be the second derivative of u**7/840 + u**6/90 + u**5/24 + u**4/6 + 5*u**3/6 + 4*u. Let z(r) be the second derivative of b(r). Calculate z(-3).
-2
Suppose 14 - 2 = 2*b. Let k(u) = u + 0 + 0 - b*u. Determine k(-2).
10
Let t = 3 + -3. Let f(w) be the first derivative of w**4/4 - w**3/3 + w**2/2 + 3*w + 44. Determine f(t).
3
Let t(h) be the third derivative of h**5/60 - 5*h**4/24 + h**3/3 - 13*h**2. What is t(6)?
8
Let q(g) = 15*g + 15. Let j(r) = 3 + 6 - 5 + 7*r + 3. Let o(z) = -13*j(z) + 6*q(z). Let h = 7 + -3. Give o(h).
-5
Let k(b) = -b**2 - 4*b - 6. Suppose j + 8 = 3*a, j = -a + 7 + 1. Suppose -12 = 4*r + a. Determine k(r).
-6
Let f(s) be the third derivative of -s**4/12 - 5*s**3/2 - 3*s**2 - 7*s. Calculate f(-11).
7
Suppose 6*z = 4*z + 8. Let u(g) = -3*g + 1. Calculate u(z).
-11
Suppose -4*d = -20 + 4. Let l(h) = -2*h**2 + 5*h**3 - d*h**3 - 1 + 2. Determine l(-1).
-2
Let o(i) = -i - 8. Suppose -8*d - 51 = -3. Give o(d).
-2
Suppose 30 = 5*s - 3*m, 2*m = -0*s + 3*s - 18. Let g(k) = -k + 3. Calculate g(s).
-3
Let d(k) = 2*k**2 - 2*k + 1. Let z be d(2). Let g(m) = -m**3 + 5*m**2 - 4*m + 6. What is g(z)?
-14
Let p(g) = -g**2 + 4*g + 7. Let w(t) = -3*t**2 + 11*t + 20. Let v(j) = -17*p(j) + 6*w(j). What is v(1)?
-2
Let r(v) = v**2 - 5*v - 2. Let h be r(4). Let x(p) = 3*p**2 - 9*p - 19. Let k(o) = 3*o**2 + 5*o + 4 - 4*o**2 + 5. Let a(y) = -5*k(y) - 2*x(y). What is a(h)?
-1
Suppose 0 = -v + 2 + 3. Let r(k) be the first derivative of 5*k - 1/2*k**2 + 5. What is r(v)?
0
Let n(b) be the third derivative of -b**4/4 - b**3/6 + 20*b**2. What is n(3)?
-19
Let q = 462 + -463. Let b(h) be the second derivative of -h**4/2 + h**3/3 + h**2/2 - h. Determine b(q).
-7
Let h(z) be the third derivative of -1/24*z**4 + 6*z**2 - 1/120*z**6 + 0*z**3 + 0 + 0*z - 1/60*z**5. Determine h(-2).
6
Let w(u) = u**2 - 7*u + 7. Let p(g) = -3*g + 3. Let a(d) = 5*p(d) - 2*w(d). Calculate a(1).
-2
Let b = 18 - 16. Suppose -2*o - 3*w - 16 = -1, -4*o + b*w = 6. Let j(l) = -l**2 - l - 3. Determine j(o).
-9
Let c(p) = -p**2 - 8*p - 5 + 0*p + p. Let f be 10/(-4)*(-1)/((-6)/12). What is c(f)?
5
Let r be 6/(-4)*(1 - 3). Let a(n) = -3 - 4*n**2 - n + r*n + n**3 + 0. What is a(3)?
-6
Let j be 0*(-1)/4 + -5. Let t(c) = -c**3 - 5*c**2 - 7. Give t(j).
-7
Let u(p) = -1 - p**3 + p**2 - 3*p + 4*p**2 - 3. Suppose -86 = -8*w - 54. Give u(w).
0
Let m(c) be the second derivative of c**4/12 - c**3/2 + 3*c**2/2 - 9*c. Determine m(2).
1
Let k(b) = -2*b**2 - 13*b - 4. Let m(d) = d**2 + 6*d + 2. Let y(a) = 3*k(a) + 7*m(a). What is y(-3)?
2
Let z(q) = q**3 + 2*q + 2*q**2 - 2*q. Let m(k) = k**2 + 4*k. Let o be m(-3). What is z(o)?
-9
Let g(y) = -4*y**2 + 3*y - 2. Let v(h) = 11*h**2 - 8*h + 6. Let k(x) = 8*g(x) + 3*v(x). Let s be k(0). Let t(w) = w**3 - 2*w - 1. Calculate t(s).
3
Let x(v) = -10*v**3 - 15*v**2 - 10*v - 4. Let h(l) = -2*l**3 - 3*l**2 - 2*l - 1. Let j(f) = 11*h(f) - 2*x(f). Let o be 4/2 + -4*1. Calculate j(o).
5
Let w(l) be the third derivative of l**5/60 - 3*l**4/8 - l**3/2 + 8*l**2. Give w(7).
-17
Let d(g) = 2*g**2 + 16*g + 25. Let x(m) = m**2 + 8*m + 13. Let k(h) = 6*d(h) - 11*x(h). Determine k(-5).
-8
Let m(z) be the third derivative of -z**6/120 + z**5/12 + z**4/8 - z**3/3 - 2*z**2 - z. Calculate m(6).
-20
Let f be 20/((-25)/(-5)) + -4. Let t(h) = h**2 + 3. What is t(f)?
3
Let y(u) = -u**2 - 1. Let w(f) = -f**3 + 2*f**2 - 4*f + 2. Let q(r) = -w(r) + y(r). What is q(3)?
9
Let x(w) = -w**3 - 3*w**2 + 2*w - 5. Let s be x(-4). Let j(d) be the first derivative of 2*d**3/3 - d**2 - 4*d - 50. Give j(s).
8
Let i(h) = h**3 - 6*h**2 + 4*h - 4. Let g = -50 + 56. Give i(g).
20
Let l(k) be the second derivative of k**5/20 - k**4/3 - 4*k**3/3 + 7*k**2/2 - 5*k. Calculate l(5).
-8
Let i(n) be the first derivative of n**2/2 + 7*n + 3. Calculate i(0).
7
Let i(x) = -x**3 - 4*x**2 - 5*x + 4. Let g(c) = -2*c**3 - 4*c**2 - 5*c + 4. Let p(o) = -2*g(o) + 3*i(o). What is p(4)?
-16
Let c(p) be the third derivative of 0 - 1/24*p**4 - 2*p**2 + 0*p + 0*p**3. Determine c(4).
-4
Let u(r) be the second derivative of r**3/3 - 3*r**2 + 2*r. Suppose 5*x = 2*x + 6. Suppose -x*a = -0 - 10. Determine u(a).
4
Let u(c) = -c**2 - 11*c - 11. Suppose -79 + 34 = 5*m. Determine u(m).
7
Let x(k) = 3 - 8 + 3*k - 2*k. Let h(t) = -4 + 2 + t**2 + 0*t - 3*t + 4. Let m be h(2). Calculate x(m).
-5
Let b(w) be the third derivative of w**5/120 + w**4/24 + w**3/6 - 2*w**2. Let c(x) be the first derivative of b(x). Let i = 1 + -6. What is c(i)?
-4
Let n be 0/(1 + -1 - 2). Let y be 2/(-4)*(n + 0). Let j(m) = 0*m + 4 + m + y*m. What is j(-3)?
1
Suppose -2*d + 7*d = 35. Suppose -4*o = -j - 8, d*o = -5*j + 3*o + 8. Let a(r) = -r**2 + r - 5. Determine a(j).
-5
Let n(r) = r**3 + 1 + 1 + 4*r**2 - 3*r**2 - 2*r + 3*r. Let k = 9 + -15. Let c(p) = p + 6. Let s be c(k). Determine n(s).
2
Let f(l) = 9*l - 2. Let t be 2/((-6)/9) + (-10)/(-10). What is f(t)?
-20
Let a = 7 - 5. Let i(k) be the third derivative of k**5/30 - k**4/12 + k**3/2 + 2*k**2. What is i(a)?
7
Let m(h) = 3*h + 7. Let q(y) = -5*y - 10. Let z(i) = 7*m(i) + 5*q(i). Determine z(-4).
15
Let g(u) = u + 8. Let c be g(-13). Let t(v) = 8*v - 4. Let i(j) = -3*j + 1. Let y(m) = c*t(m) - 14*i(m). Calculate y(-6).
-6
Let s = 21 - 34. Let t = 18 + s. Let d(u) = u**3 - 4*u**2 - 5*u + 3. Give d(t).
3
Let f(u) = -4*u**2. Suppose 4 = -2*q - 6. Let s(m) = -2*m - 5. Let j be s(q). Suppose 5*o + 7 = 2*z, -2*z + 2*o - j*o = 1. Calculate f(z).
-4
Suppose 0 = 3*d + 2*c - 12 - 5, 3*d - 23 = c. Let r(q) = 7*q**2 + 2. Let l(w) = 8*w**2 - w + 2. Let y(x) = d*r(x) - 6*l(x). Calculate y(-5).
-3
Suppose -5*z = -2*z. Let a(q) = -q**2 + z*q + 0*q + 7*q. Let c(i) = -i**3 + 9*i**2 + 25*i - 27. Let f be c(11). Determine a(f).
6
Let f(t) = -11*t**3 - 15. Let b(u) = 5*u**3 + 7. Let i(a) = -13*b(a) - 6*f(a). Calculate i(1).
0
Let w(k) be the second derivative of k**4/3 - k**3/3 - k**2 + 3*k. Let g = -6 + 8. What is w(g)?
10
Let d(b) = b**3 + 30*b**2 + 29*b - 2. Let p be d(-29). Let i(k) = 3*k**3 + 2*k**2 - 2*k - 2. Give i(p).
-14
Let b be (-8)/6 - (-120)/(-18). Let v(k) = -k**2 - 8*k + 3. Give v(b).
3
Let h(w) be the second derivative of -1/6*w**3 + 0 + 4*w - 2*w**2. What is h(-4)?
0
Let x = -13 + 13. Let m(j) = j**3 + 5*j**2 + 4*j + 3. Let q be m(-4). Let b(u) = 2 + 0*u + u - 4*u**2 + q*u**2. What is b(x)?
2
Let z be (2 - 1) + 1 - 7. Let c(n) = -4 + n + 14 + 1 + 0. Give c(z).
6
Let w(m) = -2*m - 9. Suppose 0 = 8*u + 20 + 36. Give w(u).
5
Suppose 8 - 2 = 3*g. Let z(v) be the second derivative of 5*v - 1/6*v**3 + 0 - 1/12*v**4 + 1/2*v**2. Determine z(g).
-5
Let x(n) = -5*n + 7. Let c(q) = -q + 2. Let l(v) = 9*c(v) - 2*x(v). Let h be -2 + (-3 - 0)/3. Let r be ((-8)/h)/(4/6). Calculate l(r).
8
Let t(g) = 3*g**2 + 12*g - 5. Let f be t(-4). Let n be (-10)/(-3) - 10/(-15). Let l(z) = 2*z - 2. Let d(w) = 3*w - 1. Let k(m) = n*d(m) - 5*l(m). What is k(f)?
-4
Let q(s) be the first derivative of -5*s**2/2 - 2*s - 9. What is q(3)?
-17
Let z be (-2 - -3)*(-3)/(-1). Suppose n + z - 2 = 0. Let f(q) = 0*q + 0*q + 8*q**2. Give f(n).
8
Let h(g) = g**3 - 6*g**2 + 5*g - 4. Suppose 20 = 4*x - 12. Let l(j) = 14*j - 5 - 5*j + 2 - j**2. Let w be l(x). Give h(w).
-4
Let q(p) = p**2 - 5*p. Let u be (0 + 1)*42/7. Determine q(u).
6
Let l be (-6)/4*-16*(-1)/6. Let y(q) = -3*q**2 - 19*q - 19. Let r(j) = 2*j**2 + 13*j + 13. Let v(s) = 7*r(s) + 5*y(s). Calculate v(l).
-4
Let p(c) = 5*c + 7. Let w(r) = 3*r + 19. Let y(v) = 4*v + 18. Let g(t) = 5*w(t) - 6*y(t). Let j(k) = -6*g(k) - 11*p(k). Suppose -2 = s - 0. Calculate j(s).
3
Let b(o) = 5*o. Let m(f) = -2*f**3 + 1. Let 